 greatest common divisor of i and 328?
41
Let h = 14 - -338. Let r = -292 + h. Suppose 4*f - 20 = 3*f. Calculate the greatest common factor of f and r.
20
Let g = -210 - -405. Suppose 0 = -63*b + 76*b - g. Calculate the highest common factor of 9 and b.
3
Let r(f) = 10*f - 22. Let z(a) = -a. Let n(k) = r(k) + 3*z(k). Let m = -67 + 74. Let u be n(m). Calculate the highest common factor of 189 and u.
27
Let m be 54/4 + 33/(-22). Let a = -65 - -79. Suppose -5*f + a = z, 3*f - 112 = -5*z - f. Calculate the highest common divisor of z and m.
12
Let a = -10752 - -10762. Calculate the greatest common divisor of 830 and a.
10
Let c = 15 - 11. Let r be 8/24*(c - 1). Let t be 3*r*4/((-72)/(-66)). What is the greatest common factor of t and 1?
1
Let l = -1017 - -5533. What is the highest common factor of 4 and l?
4
Suppose -18 = -t + 10. Let f be t/6 + (-4)/6. Let c = 2972 + -2944. What is the greatest common factor of f and c?
4
Let c = 14 - 12. Let j be (-3)/c*(-352)/12. What is the highest common divisor of j and 55?
11
Suppose -2*n - j + 509 = 0, -6*n - 4*j = -1838 + 306. Calculate the greatest common divisor of n and 378.
126
Let k(l) = l**3 + 3*l**2 - l + 1. Let u be k(-3). Suppose u*r + 0*r = 432. Let v = -434860 - -434869. Calculate the greatest common factor of r and v.
9
Let a(h) = -h**3 - 47*h**2 + 173*h + 276. Let q be a(-52). What is the greatest common factor of q and 8?
8
Suppose -328*t = -315*t - 312. What is the greatest common factor of 1536 and t?
24
Let z(w) = 118*w**2 + w + 4323. Let q be z(0). What is the highest common factor of q and 33?
33
Suppose -4*o + 38*q - 39*q = -2795, 0 = -2*q + 6. What is the highest common divisor of 33853 and o?
349
Suppose -116*z - 918 = -810 - 3356. What is the highest common factor of z and 2716?
28
Suppose 0 = 26*s - 2704 + 2184. Suppose 145 = j + 5*c, 0 = 5*j - 4*c - 1045 + 175. Calculate the greatest common factor of j and s.
10
Let y be (5447/838)/((-2)/(-112)). What is the greatest common divisor of 2044 and y?
28
Let c be ((-24)/(-10))/((-12)/(-40)). Suppose -3*s - 3*n = 3, -2*n = 2*s - 4*s - 6. Let f be 31 + -3 + 6 + s. What is the greatest common divisor of f and c?
8
Suppose 0 = -3*x - 2*v + 764, -3*v + 46 = 61. Let z = -2 + 14. What is the greatest common divisor of x and z?
6
Let y = 89 - -294. Suppose y = 3*i - v, -v + 385 = 2*i + i. Suppose i + 208 = 2*g. What is the greatest common factor of 21 and g?
21
Let t = -112 - -123. Let p(g) = g**3 - 36*g**2 + 72*g - 81. Let k be p(34). Calculate the highest common factor of t and k.
11
Let t(x) = x**2 - 6*x + 8. Let f be t(4). Suppose -2*i + 18*i - 1440 = f. Calculate the highest common divisor of i and 54.
18
Suppose -117 - 257 = -11*c. Let p(i) = i**3 + 12*i**2 - 6*i + 17. Let h be p(-11). Calculate the greatest common factor of c and h.
34
Suppose -23*j = 19*j - 1176. Let q be (-11)/(-3) - 2/(-6). Suppose -q*k = -0*k - 16. Calculate the greatest common factor of k and j.
4
Let a(k) = k**3 - 19*k**2 - 20*k + 4. Let t be a(20). Suppose -15*p - 4 = -19*p, 0 = 5*n + t*p - 1239. What is the highest common factor of n and 26?
13
Let x be (68/12 + -1)*(-50 - -182). Calculate the greatest common divisor of x and 378.
14
Suppose 0 = -4*z + 5961 + 1379 - 1300. Calculate the highest common factor of 20 and z.
10
Suppose -2*u - 60 = -7*u. Let w = -124 - -160. What is the highest common factor of u and w?
12
Let c = 4621 - 2071. Calculate the highest common divisor of c and 10.
10
Let g(p) = p + 9. Let h be g(-13). Let u be 1*-2 - h/8*8. Let z be u*3/(-12)*-6. What is the greatest common factor of z and 12?
3
Let w = 3505 - 3407. Calculate the highest common divisor of w and 70.
14
Suppose -165 = 5*o - 185. Suppose 0 = -o*q - 85 + 1537. Let w be (-65)/(-2) + 3/6. What is the highest common divisor of q and w?
33
Let o(b) = b - 2. Let y be o(6). Let d = -553 + 559. What is the greatest common divisor of d and y?
2
Suppose 3*m = 5*s + 600, -5*m + 3*s + 271 + 761 = 0. What is the highest common divisor of m and 270?
30
Let v(o) = -83*o - 674. Let r be v(-22). Calculate the greatest common factor of r and 108.
36
Suppose -4*k - 63 = -5*c + 128, 3*c - k - 116 = 0. Let i be c/(0 + (-6)/(-4)). Suppose -7*j + 5*j + i = 0. What is the greatest common factor of 13 and j?
13
Let t be 28*275*(-21)/(-70). What is the greatest common factor of t and 1050?
210
Suppose -100*l - 2*o + 0*o = -99*l - 107, o = 1. Let x = -39 + 93. Let v = x + -19. Calculate the highest common factor of l and v.
35
Suppose -6*o = w - 5*o + 362, 4*w + 1450 = -2*o. Let k = w + 371. Calculate the greatest common divisor of 4 and k.
4
Suppose 335 = 5*k - 0*k. Let q = -37 + k. Let b = 2976 - 2901. Calculate the greatest common divisor of q and b.
15
Suppose 1089 = -2201*w + 2212*w. Let c(u) = 2*u**2 + 2*u. Let f be c(-2). Suppose -q = 0, f*h = -q + 5 + w. What is the greatest common factor of 13 and h?
13
Let w(c) = 4*c - 22. Let q be w(6). Suppose 0 = -4*f - 16, -11*f + 90 = q*s - 6*f. Calculate the greatest common factor of s and 22.
11
Let m be (1260/24)/1*32/56. Suppose -8 = -2*k, 2*h + 3*h = -5*k + 50. What is the greatest common factor of m and h?
6
Suppose -5*n - j + 109 = 0, -189 + 154 = -4*n + 5*j. Let p = -76 - -132. What is the highest common factor of n and p?
4
Let v(o) = -o**2 + 9*o - 6. Let i be v(4). Let z = i + -5. Suppose 172*u + 27 = 56*u + 143. What is the highest common factor of z and u?
1
Let f = 3 - 1. Suppose -11 + 31 = 4*t, -l = -2*t + f. Let y = 2911 - 2887. What is the greatest common factor of y and l?
8
Suppose -24 = -5*s + 61. Let i = 72 - 68. Let h be (2/i)/(-2*(-3)/816). What is the greatest common divisor of s and h?
17
Let i(w) = 4*w + 581. Let z be i(-91). Calculate the greatest common factor of z and 93.
31
Let p(c) = -c**3 + 12*c**2 - 10*c + 25. Let z be p(11). Suppose 12 = 8*x - z. Let y be 2*9/x - 1. Calculate the greatest common factor of 6 and y.
2
Suppose 3*m = -m + 4. Let j be 250/5*m/2. Let x = -7628 - -7853. What is the highest common divisor of j and x?
25
Let l be (-1)/(-4) - 147/12. Let q = l - -24. Let n(c) = -c**3 + 15*c**2 - 27*c + 24. Let x be n(12). Calculate the highest common divisor of q and x.
12
Let m(p) = -p**3 - 92*p**2 + 177*p - 1030. Let c be m(-94). What is the greatest common factor of 514 and c?
2
Let j = -24942 + 24963. Suppose 4*t = -t + 210. Suppose 2*h - 84 = t. What is the greatest common divisor of j and h?
21
Let q = 936 + -24718. Let j be q/(-99) - 4/18. What is the greatest common divisor of 16 and j?
16
Suppose -10*r = -1438 + 608. What is the highest common factor of 2407 and r?
83
Let z(o) = -o**3 + 9*o**2 + 24*o + 6. Let k be 4/28 + (-304)/(-28). Let a be z(k). What is the highest common factor of 70 and a?
14
Let v = -245 + 249. Suppose 0 = -q - v, m = -2*m + 5*q + 3341. Calculate the greatest common factor of m and 27.
27
Let p be 4 - 0/15 - (-108)/2. Suppose 16 = 2*i - 5*u, 3*u + 7 = -57*i + p*i. Calculate the highest common factor of 13 and i.
13
Let u be -145*40/(-350)*(-14)/(-4). Suppose 103*x = 104*x - u. Calculate the highest common divisor of x and 725.
29
Suppose p - 693 - 157 = -4*w, 5*p - 4250 = 5*w. Suppose 0 = -15*z + 8*z + 2170. Suppose 10*t = -z + p. Calculate the greatest common divisor of t and 36.
18
Let x = -1201 - -2323. What is the highest common factor of x and 51?
51
Let s = 4651 - 2232. What is the highest common divisor of 41 and s?
41
Suppose -41*g + 4648 = -4924 + 2520. What is the highest common factor of 20 and g?
4
Suppose 18817*n - 18801*n - 320 = 0. Let u = -101 - -201. What is the highest common factor of u and n?
20
Let p = 18 + -33. Let f be 5*(0 - 612/p). Let b = f - 129. Calculate the highest common divisor of b and 30.
15
Let l(q) = 177*q - 45. Let h be l(9). Let i be 2/10 - h/(-10). Suppose 0 = -5*b - 40 + i. What is the greatest common factor of 184 and b?
23
Suppose -2*o = 0, 5*r + 2*o - 23313 = -2163. What is the greatest common factor of r and 30?
30
Let z(x) = x**2 - 5*x + 6. Let f be z(5). Let a = 732 - 739. Let u be 14/(-49) - (0 + 16/a). Calculate the highest common divisor of u and f.
2
Let z = -512 + 525. Suppose 0 = 24*q - 22*q - 806. Calculate the highest common divisor of q and z.
13
Suppose 9*o - 24 - 909 = 1254. What is the highest common divisor of o and 126